- 60. What is the hundreds digit of f(5)?
0
Let p(z) = 66*z - 3. Let l(h) = -33*h + 2. Let w(d) = 11*l(d) + 6*p(d). Let b be w(2). Suppose 0 = c + 4*c - b. What is the tens digit of c?
1
Suppose 2834 = -9*g + 7766. What is the tens digit of g?
4
Let m = 13 + -7. Let x(i) = -i + 6. Let s be x(14). What is the units digit of m/(-2) - (s + -3)?
8
Let j(o) = o**2 + 9*o + 179. What is the tens digit of j(-25)?
7
Let m be (-12)/(-6) + 60/1. Suppose -10*y = -16 - 14. Suppose -y*t + 2*t - 4*a = -61, t = -5*a + m. What is the tens digit of t?
5
Suppose -5*l + 3*l - 3*x = -4334, 6*x = -12. What is the tens digit of l?
7
Let h = 32 - 69. Let g = h + 59. What is the units digit of g?
2
What is the units digit of ((-42)/(-35))/(6/1180)?
6
Let n(c) be the second derivative of 5*c**3/3 + 3*c**2/2 + 4*c. What is the tens digit of n(2)?
2
Suppose -3*n - 4749 = -3*x, 3*x - n + 1497 = 6248. What is the thousands digit of x?
1
Let k(v) = 8*v + 4. Let h be k(-1). Let f = 199 + h. What is the hundreds digit of f?
1
Suppose q = -2, n = 3*q + 82 + 208. What is the hundreds digit of n?
2
Let s = 53 - 51. Let j be -1 - 0/2 - -1. Suppose -s*x + 8 + 2 = j. What is the units digit of x?
5
Let b = -24 + 13. Let q be -20 - 0/(-3 - -4). Let f = b - q. What is the units digit of f?
9
What is the tens digit of (-546)/728 + (-11182)/(-8)?
9
Let o = -598 + 910. Let c = 222 - o. What is the tens digit of (216/c)/(2/(-35))?
4
Let c(b) = -4*b - 26. Let w be c(-7). Suppose 3*d - 7*z - 433 = -w*z, 0 = -2*z + 8. What is the tens digit of d?
5
Let l(y) = y**3 - 8*y + 5. Let s be l(5). Let u = s + -17. What is the units digit of u?
3
Let s = 54 - -639. What is the hundreds digit of s?
6
Let o(q) = 4*q**2 + 8*q - 3. Let h be o(-6). Let x be 1/2 - (-10)/4. Suppose 2*y + 2*d - 34 = y, x*y = 3*d + h. What is the tens digit of y?
3
Let x(z) = 4*z**2 + 8*z - 14. Let l be x(5). Suppose -270 = l*i - 132*i. What is the units digit of i?
5
Let l = 644 + -384. What is the tens digit of l?
6
Let g = 17 - -4. What is the units digit of (-6)/g - 858/(-14)?
1
Let x(i) = 17*i**2 - 26*i + 27. What is the thousands digit of x(10)?
1
Let b = 451 - 264. What is the units digit of b?
7
Let g(l) be the first derivative of 5*l**2/2 - 9*l + 12. What is the tens digit of g(20)?
9
Suppose -4*y - 8 = -128. Let g = y - 19. Let c = 12 - g. What is the units digit of c?
1
Suppose -149*i - 18720 = -165*i. What is the units digit of i?
0
Let n = 45 + -47. Let q(r) = -31*r + 11. What is the units digit of q(n)?
3
Suppose 0 = -5*p - 5*k + 10817 + 3523, 0 = -3*p + k + 8624. What is the hundreds digit of p?
8
Suppose 6*b = 3*b - 12. Let l be 2 + b + (3 - 0). What is the units digit of l/(4/8) + 5?
7
Let m(v) = -v**3 - 6*v**2 - 17*v + 2. Let c(d) = d**3 - 3*d**2 - 7*d + 7. Let l be c(4). What is the units digit of m(l)?
2
Let a(p) = -5*p**2 + 4*p**2 - 5*p**2 + 3 + p**3. Let u be a(6). Suppose 121 = u*c + 34. What is the tens digit of c?
2
What is the hundreds digit of ((-7)/(-21))/(7/25641)?
2
Suppose -9*b = -51 - 12. Suppose b*g - 170 - 89 = 0. What is the tens digit of g?
3
Let b(j) = 4*j**3 - 22*j**2 + j + 35. What is the tens digit of b(11)?
0
Suppose 5*j = 2*z - 11, 2*j - 4 = -3*z + 3. Suppose -7 + 19 = z*t. What is the units digit of t?
4
Suppose 0 = 2*z - 3*b - 26, -3 = -z - 0*z - b. Let t(d) = d - 3. Let o be t(-6). Let x = z - o. What is the tens digit of x?
1
Let r(y) = -y**3 + 15*y**2 - 15*y - 11. Let u be r(14). Let s = u - -81. What is the units digit of s?
6
Suppose 0 = 4*m - 8 - 0. Suppose -5*q + 411 = -a - a, -m*a - 328 = -4*q. What is the units digit of q?
3
What is the units digit of (6112/(-64))/((-4)/136)?
7
Suppose k - 3*k + 3*b + 571 = 0, 5*k - 5*b = 1415. Suppose -5*n - 4*f + k = -2*f, -n - 3*f + 66 = 0. What is the tens digit of n?
5
Let p = -24 - -32. What is the units digit of 12*(2 - p/6)?
8
Suppose 4 = -3*j - 0*u + 4*u, -u - 4 = -2*j. Suppose j*m + m = 90. Let c = m - 15. What is the units digit of c?
3
Let r(y) = y**3 + 7*y**2 + y + 6. Let f(d) = -d**3 + 10*d**2 - 8*d - 4. Let p be f(9). Suppose p*j = 2*j - 12. What is the units digit of r(j)?
0
Suppose -3*j + 15 = -4*z, 5*z = -j + 8 - 3. Suppose 0 = i - 8 - j. Suppose -22 = -q + 4*k, -2*q + 36 + i = -3*k. What is the units digit of q?
6
Suppose 2*u - 1 = -3*w - 0*u, -5*u = 2*w + 14. Let l(r) = 8*r**2 - 2*r - 4. What is the units digit of l(w)?
2
Suppose 0 = o - q + 2*q - 4, 3*o - 4 = q. Suppose -4*w = 4*t - 364, -20 = o*w - 7*w. What is the tens digit of t?
8
Let m be (0 - (-1026)/(-4))/(9/(-12)). Suppose 0 = -4*d - 2*u + 480, 2*u - m = -3*d + 5*u. What is the hundreds digit of d?
1
Let v = -10 - -7. Let t be 2/(-3) - (-28)/v. What is the units digit of (-4)/t - 172/(-20)?
9
Let r(j) = -3*j**2 + 4*j**2 - 1 + 2*j**3 + 3*j**2 - 3*j**3 + 2*j + 0*j**2. Suppose 5 = 5*l, 4*b - 8*b = -4*l - 12. What is the units digit of r(b)?
7
Suppose -5*w - 4 = -29. Suppose -4*m = 3*z - 104 - 58, -2*m = w*z - 88. What is the units digit of m?
9
Suppose 5*v - 1689 = 2*o + 2964, -3*v + o = -2792. What is the units digit of v?
1
Let d = 159 - 143. Let c(p) = p**2 + 2. Let k be c(0). Suppose -2*z = -k*g + z + 17, 0 = 4*g + 4*z + d. What is the units digit of g?
1
Suppose 17 = 5*v + k, -4*k = -2*v + 12 + 8. Let h be 88/18 + (-9 - 1)/(-90). Let j = v + h. What is the units digit of j?
9
Suppose 4*h - 12 = 4. Suppose 4 = h*v + 40. Let z = v - -47. What is the tens digit of z?
3
Let c be 6/(-15) - (-4508)/20. Let w = c + -105. What is the tens digit of w?
2
Suppose -c + 70 = b, -46 = -c - 3*b + 16. Suppose -y = -c - 24. What is the tens digit of y?
9
Suppose -2*d - 48 = -5*d. Let c(n) = -n**2 + 5*n + 2. Let s be c(7). Let o = d + s. What is the units digit of o?
4
Let w(i) = i**3 + 14*i**2 - 67*i - 63. What is the units digit of w(-17)?
9
Let o = -257 - -145. Let p = o + 201. What is the units digit of p?
9
Suppose -2*i - 8 = 0, -5*i = -23*o + 28*o - 1355. What is the hundreds digit of o?
2
Suppose 5*o = -7*o + 8472. What is the units digit of o?
6
What is the units digit of 7834/6 + (-328)/(-246)?
7
Let v(b) = -b**3 - 17*b**2 - 18*b - 33. Let s be v(-16). What is the tens digit of (38 + (-30)/(-6))/(2 + s)?
4
Suppose 3*j + 4*q = 3 + 7, -2*q - 34 = -5*j. Let s(d) = d + 27. Let i(v) = v + 13. Let a(n) = 7*i(n) - 3*s(n). What is the units digit of a(j)?
4
What is the units digit of 427/122*1*2*59?
3
Suppose -s = -6 + 2, -n + 5 = 4*s. Let v be (-2)/n - 168/(-44). Suppose 0 = -4*f + v + 12. What is the units digit of f?
4
What is the units digit of (516/(-18))/(6/(-360))?
0
What is the units digit of (-15147)/(-6) + 1 + 2/(-4)?
5
Suppose 2*b = -5*r + 232, -b + 5 = 4*b. Let v = -1 + r. What is the tens digit of (-9)/v - 182/(-10)?
1
Let j = -148 + 88. Let c = j + 163. What is the units digit of c?
3
Let d = 9 + -7. Let g = -1 + d. Let i(r) = r**3 - r**2 + 1. What is the units digit of i(g)?
1
What is the hundreds digit of ((-7)/21 + -3)*(3 - 219)?
7
Suppose -4*p + 3 + 7 = -5*m, 0 = 2*m + 5*p - 29. Suppose 7*y - 10 = m*y. Suppose -x + y*g = -36, -122 - 22 = -5*x - 2*g. What is the units digit of x?
0
Suppose -7*q = 18*q - 45025. What is the thousands digit of q?
1
Suppose 1385 + 4663 = 7*h. What is the tens digit of h?
6
Suppose 0 = u + 3*k + 10, 0*u = u - 5*k - 22. Let n be 3 + (-19*27 - u). What is the tens digit of n/(-20) + 4/10?
2
Let f(h) = h**2 + h + 10. Let v = 4 - -1. What is the units digit of f(v)?
0
Suppose -4*g + 66 = 7*g. What is the hundreds digit of 1064/g*(-24)/(-16)?
2
Let j = 427 + -428. Suppose a + a - 11 = n, -5*a + 14 = 2*n. What is the units digit of ((-9 - 3)/a)/j?
3
Let p be 47*1*(-1 - 0). Let l = -43 + 110. Let a = l + p. What is the units digit of a?
0
Let p = -8 - -12. Let c(m) = m**2 + m + 4. Let v be c(p). What is the units digit of (v - 0) + 0/1?
4
Let l = 34 + 10. Suppose -l*k = -39*k - 230. What is the tens digit of k?
4
Let m be (-23 - -22)/((-1)/(-4)) + 185. Suppose m = 9*z + 19. What is the units digit of z?
8
Suppose 3*o - 27 = 4*a + 2*o, -4*a - 3*o - 31 = 0. Let y = 8 + a. What is the units digit of y*-7*4/(-4)?
7
Suppose 2*h - 4*p - 18 = 0, -4*h + 2*p + 23 = -h. Let f = -224 - -236. Let w = f + h. What is the tens digit of w?
1
Let p(t) = -t**2 - 7*t - 4. Let d be p(-7). Let g(n) = 6*n**2 + 7*n + 6. What is the units digit of g(d)?
4
